. Is h a prime number?
False
Suppose 2*a - 836990 = 3*p + 166388, -2*a + 1003370 = -4*p. Is a a prime number?
True
Let p(l) be the third derivative of -l**6/20 + l**5/10 + l**4/24 - 5*l**3/2 + 20*l**2. Is p(-8) composite?
False
Let n = 92001 - -149286. Is n prime?
False
Let i = -62984 - -473131. Is i prime?
False
Let w(u) be the second derivative of 23*u**5/20 - u**4/4 - 3*u**3/2 + u**2 + 27*u. Is w(5) a prime number?
False
Let z = -96890 + 152973. Is z a prime number?
False
Let i be 13*(-15)/(-10)*(-6)/9. Let l be 1*(6 + -2 - 1)*i. Is ((-10)/(-5) + l)*-41 a composite number?
True
Let d(n) be the second derivative of n**5/20 + n**4/6 + n**3/6 + 69*n**2/2 + 3*n. Is d(0) a prime number?
False
Let o(t) = 3*t**2 + 18*t + 4. Let y be o(-6). Suppose 0 = -5*z + y*z + 5, 5*b - z - 3060 = 0. Is b a prime number?
True
Let j = 13908 - 8094. Suppose -q + 3*z = -j + 1624, 4*z - 16712 = -4*q. Is q a composite number?
True
Let q be (2 + 5/(-4))/((-3)/(-20)). Suppose i = q, -5*v - 4*i = -8891 - 1894. Is v composite?
False
Suppose 3540346 = 18*k - 3620432. Is k prime?
False
Let c be ((-3)/(-2))/(-7*6/(-56)). Suppose -419 = -c*j + 4211. Is j a prime number?
False
Is ((-544376)/(-12))/(6/(-18) + -1 + 2) prime?
False
Suppose 0 = 15*g - 10 + 130. Is (g + 10)/((-4)/(-2194)) prime?
True
Suppose -11644 = -4*p + 6888. Suppose h = -3*o + p, -16 + 32 = 4*o. Is h prime?
True
Let h = -180 + 297. Let b = h - 60. Let i = b + 242. Is i prime?
False
Suppose 2*r + 10780 = 3*y - 2*y, -3*y - 5*r + 32384 = 0. Suppose 11*j = -j + y. Is j a prime number?
False
Let c be (350/(-8) - -1)*(-3264)/204. Let q = 1346 - c. Is q prime?
False
Let u(m) be the second derivative of 23*m**3/3 + 571*m**2/2 + 143*m - 2. Is u(35) composite?
True
Let g(t) be the first derivative of -44*t**2 + 30*t - 16. Let m be g(-4). Let z = m + 999. Is z a prime number?
True
Suppose -2*g - 5*m + 5 = 21, -4*g + 2*m = -16. Let f(i) = 1. Let l(n) = 234*n - 5. Let c(d) = 4*f(d) + l(d). Is c(g) a composite number?
False
Let u = -3 + 12. Suppose 54*c - u = 51*c. Suppose 0 = x - c*x + 1090. Is x composite?
True
Let m(k) = 15*k + 84 - 7*k + 90 + 82 + 23*k**2 - 279. Is m(4) composite?
True
Suppose 3*g - y + 290 = 40, 5*y + 195 = -2*g. Let s = 87 + g. Suppose 1099 = -2*f + 6*f - 3*d, 3*f + s*d - 837 = 0. Is f a composite number?
False
Let x(l) = -9*l**2 - 215*l + 34. Let d be x(-24). Suppose 11*f - d*f = p + 11990, -23970 = -2*f + 4*p. Is f prime?
False
Let h be (8 - 427/35)*-5. Is ((-18836)/(-14))/2 + 6/h prime?
True
Suppose 9*h - 36*h = 38*h - 26659555. Is h a prime number?
False
Is 2*3 - 8/(176/(-3753662)) a composite number?
False
Let o be 59703/14*(-4)/(-6). Let f = o - 1948. Suppose -q = 5*n - 454, 0 = 2*q - 0*n - 3*n - f. Is q a composite number?
False
Suppose 4*t + 3 + 5 = 4*q, 7 = 3*q - 2*t. Suppose -q*w + 8 = -w. Suppose u - j = 338, -w*u = -0*u - 3*j - 1355. Is u composite?
True
Let m(f) = 3*f - 4. Let c be 1/(-1) - -3*4/(-6). Let b be m(c). Let l(g) = 4*g**2 - 7*g - 4. Is l(b) a prime number?
False
Suppose -4*f = 5*y - 1033, -5*y - 2*f - 400 = -1429. Let x(m) = m**3 + 15*m**2 - 26*m - 24. Let s be x(-16). Let c = s + y. Is c a composite number?
True
Let j be -16 - -16 - (-12)/(-2). Is 6138 - -2*(-15)/j a prime number?
True
Suppose 12*x + 3080311 = -8*x + 33*x. Is x a prime number?
True
Let i(m) = 299*m**2 - 819*m - 45. Is i(44) prime?
True
Let d(h) = 4330*h + 5367. Is d(46) a prime number?
False
Let r be (1/(-1))/(-6 + (-136)/(-24)). Suppose 2*l + 1230 - 5564 = 0. Suppose r*z - 224 = l. Is z prime?
True
Suppose -3*j = -8944 - 7964. Let t = 9 + -9. Suppose 4*s - 4*w - j = t, -3*s - w = -2554 - 1681. Is s prime?
False
Is (-27)/621 + 5955510/115 composite?
False
Let x = -319385 - -477274. Is x a prime number?
True
Suppose -2506581 = -8*w + 471639 + 409868. Is w a prime number?
False
Let f(v) = 1023*v - 2789. Is f(72) prime?
True
Let a = 7098 - 6031. Is a composite?
True
Let b be -2*(-2 + -2 + 2). Let d = -4513 + 4517. Suppose o = -o, -b*f + d*o = -3980. Is f a prime number?
False
Suppose 4*x + 117379 = 5*f + 458241, 0 = -2*x + 2*f + 170434. Is x a prime number?
True
Suppose 3*u - 226973 - 69959 = -u. Is u a composite number?
True
Suppose -3*t - 178 = 8. Let g be 66*(22/4 + (-16 - -12)). Let l = g + t. Is l prime?
True
Suppose 0 = 4258*k - 4255*k - 249531. Is k a composite number?
False
Let w(r) = 13343*r**2 + 96*r - 280. Is w(3) prime?
False
Let q = -17103 - -446762. Is q composite?
False
Suppose 14*c + 117 = 33. Let d(s) = -s**2 - 9*s - 11. Let f be d(c). Suppose -f*h + 3*h = 4*r - 3572, r - 3560 = -4*h. Is h prime?
False
Suppose -102*a + 5519257 = -6861401. Is a prime?
True
Let s = 6833 + 278. Is s composite?
True
Let l(z) = 3 - 10*z**2 + 72*z**3 - 140*z**3 + 70*z**3. Let k be l(5). Suppose -k*u = -2*y - 1319, 2*y + y = -5*u + 2192. Is u prime?
True
Is ((-4)/(-6))/((-452)/(-33394890)) a prime number?
False
Suppose -14143 = -2*v - g, -v + 5*g + 1091 + 5953 = 0. Is v a composite number?
False
Let v(u) = 2*u**2 + 49*u - 2. Let z be (1 - -2)/(52/(-18) - -3). Is v(z) a composite number?
True
Let j(l) = -l**3 + 18*l**2 - 2*l + 38. Let w be j(18). Suppose 0 = -2*m - w*m + 632. Suppose -2*o + 540 - m = 0. Is o composite?
False
Let r be 3*2/(-15)*(-3609 - 1). Let l = -167 + r. Is l prime?
True
Is (-3 - -2)/(0 + (-3 - (-351784)/117262)) prime?
True
Is ((-44294)/(-13))/(114/741) prime?
True
Let q(n) = -2548*n + 133. Let j(c) = 1275*c - 66. Let k(f) = -5*j(f) - 2*q(f). Is k(-7) a prime number?
False
Is -1*((-42 - -6)/(-4) - 26986) a composite number?
True
Suppose 17*j - 636463 = 3*j + 250395. Is j prime?
True
Suppose -15 = 5*d, 3*q - 4*d - 12 = -d. Let n(w) = 1114*w**2 + 16*w - 15. Is n(q) a prime number?
False
Suppose -k + 6 = 3*b, -k - 7 = -b - 1. Let m = 14 - 11. Suppose 1574 = p - m*y, -b*p + 0*y = -2*y - 4701. Is p a composite number?
True
Suppose 39*i + 39502 = 141175. Let a = 3362 + i. Is a prime?
False
Let o be (-8 - -5)/(0/3 - -1). Is -3 - (o - (-170)/(-5)) composite?
True
Suppose -201690547 = -287*p + 31826142. Is p a composite number?
False
Let z be (20/10)/((-2)/3). Let a be 5/1 - (z - -4). Suppose -a*s + 3779 = -569. Is s a composite number?
False
Let a(k) = -14*k - 17. Let u be a(-2). Suppose -u*c + 5*c = -13710. Is c a composite number?
True
Let l = -46403 + 67644. Is l a prime number?
False
Suppose -5*i - 3*j + 19704 = 0, 6*i - 5*j = 5*i + 3952. Let a = i + 1231. Is a prime?
False
Let b be (-5 + 54)/(-7)*2/7. Is -2 - -10133 - 3/((-3)/b) a composite number?
True
Let x(s) = 72*s + 7. Suppose 12 = -2*z - 2*o, 0*o + 7 = -2*z + 3*o. Let w be x(z). Let q = w + 732. Is q composite?
False
Suppose 5*b = -5*k - 32 + 2, -32 = 4*b - 4*k. Let w be -1 - 3 - b/1. Suppose -5*m + 4180 = 5*a, 0*m - w*a - 3379 = -4*m. Is m composite?
True
Suppose -2*g = -3236 - 2658. Suppose 11*d - g = 4*d. Let j = d - 172. Is j composite?
True
Suppose 20*i + 8 = 24*i. Suppose -4*x + 3*x + 8 = -i*j, 3*j - 2*x = -14. Is (-4197 + 7)*1/j a composite number?
True
Suppose -9*j = -0*j. Suppose j = -z + 10*z - 1998. Let s = z - 133. Is s composite?
False
Is 2*-1 - 14663558/(-182) composite?
False
Suppose l - 15*o = -20*o + 395922, -11*l + 4354771 = 2*o. Is l prime?
True
Suppose 4*l = 0, 0*d + 4*l = -d - 14. Let a be (-18)/(-126) + 44/d. Is (-10)/(-15)*a + 333 composite?
False
Suppose -10 = -4*s + 5*c, -6 = 6*s - 5*s + 3*c. Suppose 60*k - 63*k = -6. Suppose -k*r + 4*y = -1394, s = -r - 4*y + 2*y + 709. Is r a prime number?
False
Let v be 6 + ((-45)/36)/((-2)/(-8)). Let o(n) = 12008*n**3 + n**2 - 4*n + 2. Is o(v) a composite number?
False
Suppose -47*i = -41*i - 220464. Suppose i = -32*r + 40*r. Is r a composite number?
True
Suppose -2*h = -4*d + 16, -4*d = 2*h + 4 - 28. Suppose 0 = d*j + 10, 4*f + 2*j - 5*j - 1614 = 0. Let a = f + -283. Is a a prime number?
False
Is ((-8)/(192/(-2202)))/(1/388) composite?
True
Suppose 3*o = -31*g + 28*g + 145941, -5*g - o = -243211. Is g a prime number?
False
Suppose -283996 = -102*a + 10948142. Is a composite?
False
Suppose 21*q - q = 59620. Suppose 3*s = x - 2985, 0 = x - 8*s + 6*s - q. Is x a composite number?
True
Let h = 2529040 + -1783223. Is h a composite number?
False
Suppose 4*k = -5*y + 1149033, 0 = 5*y - 6*y - 3*k + 229789. Is y composite?
False
Suppose 0 = -16*o - 3*o + 192926. Suppose -6*m + o - 2096